 is the greatest common divisor of c and n?
14
Suppose -3723 + 83 = -8*t. What is the greatest common factor of 260 and t?
65
Let p(c) be the third derivative of 11*c**6/120 - c**5/60 - c**4/24 - c**3/6 + 12*c**2. Let h be p(2). Calculate the highest common factor of 54 and h.
27
Suppose -4*p - 4*o + 8*o + 96 = 0, 3*o - 48 = -3*p. Calculate the greatest common factor of 44 and p.
4
Suppose -9*p - 64 = -11*p. Let s(z) = -z**3 - 9*z**2 + z + 13. Let f be s(-9). Suppose -f*r = r - 80. Calculate the highest common factor of p and r.
16
Suppose -33*t = 38*t - 2698. What is the highest common factor of 57 and t?
19
Let z be 1329/27 - (-2)/(-9). Suppose 5*d - 360 = -0*d. Suppose 2*g + 58 - d = 0. Calculate the highest common factor of g and z.
7
Suppose -2*x + 21 = -5*p - 44, 5*x + 4*p - 179 = 0. Calculate the highest common divisor of x and 35.
35
Let f be (1 - 0)/((-1)/13). Suppose 11*i = 5*i + 12. Let a = i - f. Calculate the highest common factor of 3 and a.
3
Suppose -n + 2*c = 0, 4*n + 6*c = 5*c + 9. Let h be -6 + 27 - (-4 + n). What is the highest common factor of 92 and h?
23
Suppose -w + x + 21 = 0, -2*w - 5*x + 60 = -x. Let g = -1 - -2. Let y(r) = 4*r + 2. Let f be y(g). What is the highest common divisor of f and w?
6
Let k(q) = q**2 + 16*q + 33. Let o be k(-10). Let x be (18/o)/((-1)/15). Calculate the highest common factor of 30 and x.
10
Let a(f) = f**3 - 49*f**2 - 59*f + 550. Let u be a(50). What is the highest common divisor of u and 525?
25
Suppose y - 6 = 6. Let w be 8/(-3)*(-135)/12. Calculate the highest common factor of w and y.
6
Suppose 2*z + j = -20, -z + 2*j - 4 = j. Let v(k) = 5*k**3 + 7*k + 5 + 9*k**2 - 4*k**3 + 0. Let i be v(z). Calculate the highest common divisor of i and 65.
13
Suppose -3*t = 2*r - 8 - 1, -2*r = 0. Suppose d + 181 = z + z, -t*d = 2*z - 177. What is the highest common divisor of z and 10?
10
Suppose 3*a = 4*j - 3, -2*j + a + 4 = 1. Suppose 2*x + j*x - 1705 = 0. What is the greatest common factor of 31 and x?
31
Let c(j) = 2*j**2. Let i be c(1). Let s be (24/i)/((-3)/(-4)). Let g(r) = 10*r + 378. Let q be g(-37). What is the greatest common factor of q and s?
8
Let k be ((-6)/7 + -2)/(8/(-700)). What is the highest common divisor of k and 100?
50
Let v be (6/21)/(-4 + (-595)/(-147)). Let o be -2*((-18)/(-4))/(-3). What is the greatest common factor of o and v?
3
Suppose -2*w - 276 + 788 = 0. What is the highest common divisor of 16 and w?
16
Let a = -113 + 38. Let k = -43 - a. Calculate the highest common divisor of k and 48.
16
Let q = -753 + 853. Calculate the greatest common factor of q and 70.
10
Let i = -1429 - -1453. Suppose 0*y - y = -5*s + 57, -15 = -s - y. Calculate the highest common divisor of s and i.
12
Suppose 5*r - r = 5*z - 1, -r = 4*z - 26. Suppose 5*j - 30*o + 33*o = 105, j - 44 = 4*o. What is the greatest common factor of r and j?
6
Suppose 5*p + 18 + 127 = 0. Let s be p + (-5 - (1 + -4)). Let f = -14 - s. Calculate the greatest common divisor of f and 170.
17
Let x(j) = 0*j**3 + 18 - 9 - j**3 - 17*j**2. Let m be x(-17). What is the greatest common divisor of m and 9?
9
Let v be (-362)/(-20) + 5/(-50). What is the greatest common divisor of v and 108?
18
Suppose -10*m + 5*f + 44 = -8*m, -3*f + 36 = 4*m. Suppose 756 = m*i - 3*i. What is the greatest common divisor of i and 28?
28
Suppose -o = 0, -o + 14 = m + 2*o. Suppose 3*a - 18 = -3*g, 5*a - 3 + 1 = 2*g. What is the highest common factor of a and m?
2
Let c be (2/(-3))/(4/(-30)). Suppose -j + c*j - 20 = 0. Calculate the highest common factor of 25 and j.
5
Let h(c) = 11*c**2 - c - 2. Let o be h(-1). Let k be 2 - 2 - (1 - 3). Calculate the highest common divisor of k and o.
2
Let w be 2/((-10)/(-27))*(-100)/(-30). What is the highest common divisor of w and 90?
18
Let k(w) = 18*w**2 - 90*w + 11. Let s be k(11). What is the highest common factor of s and 22?
11
Let x(u) = -u**2 - 39*u + 117. Let w be x(-40). Calculate the greatest common factor of w and 56.
7
Let u = 1006 - 971. Calculate the highest common factor of u and 875.
35
Suppose x + 255 = 5*u, -5*u - 2*x - 29 + 269 = 0. Calculate the highest common factor of 810 and u.
10
Let p be 9/6*(-3)/((-9)/(-134)). Let o = -27 - p. Calculate the highest common factor of o and 20.
20
Suppose -s + 33 = 27. Suppose -40 = 4*l - s*l. Calculate the highest common divisor of l and 20.
20
Let n(p) = 3*p + 267. Let k(r) = r + 67. Let y(s) = 9*k(s) - 2*n(s). Let l be y(7). Calculate the highest common divisor of l and 10.
10
Let w be (-2)/2 - (-40 - 1/1). Calculate the highest common factor of 15 and w.
5
Let j be 334/6*1 + 3/9. Suppose -42 - j = -7*r. Calculate the greatest common factor of r and 70.
14
Let i be (0 - 1/(-4)) + 4252/16. What is the greatest common divisor of i and 1995?
133
Suppose p - 32 + 30 = -m, -m - 10 = 4*p. Suppose -n = -4*n - 81. Let v = n - -51. Calculate the highest common factor of m and v.
6
Let k(q) be the second derivative of -q**4/6 - 3*q**3/2 + 9*q**2/2 - 14*q. Let w be k(-4). What is the highest common divisor of w and 299?
13
Let x(f) = 2*f**3 + 2*f**2 + 5*f - 6. Let y be x(1). Suppose -2*p + 32 = -3*a + y, -5*p + 45 = -2*a. What is the highest common factor of p and 133?
7
Let c = 712 - 517. Calculate the highest common factor of c and 39.
39
Let c be 1/9 + 73860/108. What is the greatest common factor of c and 108?
36
Let j be 492/8*(-6)/9. Let s be j/(-2) + (-3)/6. Calculate the greatest common divisor of s and 10.
10
Suppose 36 = 3*a - 3. Let n be (-2)/a + (-786)/(-39). Calculate the highest common divisor of n and 260.
20
Let h = -102 - -18. Let w = h + 94. What is the highest common factor of 120 and w?
10
Let s be (-6)/21 - (-2 + 174/(-21)). Let p be (s/(-15))/(1/(-21)). Calculate the greatest common divisor of p and 42.
14
Let i = -350 - -196. Let z = 258 + i. What is the greatest common divisor of z and 13?
13
Let n = -67 + 379. Let d = 6 + -3. Suppose d*y - n = -y. What is the greatest common divisor of y and 52?
26
Let q be (-105 - -1)/(-2) + 0. Suppose 0 = 2*r - 8. Let m(v) = 5*v - 7. Let k be m(r). Calculate the highest common divisor of q and k.
13
Suppose -5*h + 4*s + 14 = 0, h + 2*s + 0*s - 14 = 0. Let y be -4*6/3*99/12. Let d = y + 132. Calculate the highest common divisor of h and d.
6
Let j(d) = 3*d - 1. Let l(a) = 4*a - 1. Let r(f) = 7*j(f) - 5*l(f). Let w be r(10). Calculate the greatest common divisor of w and 8.
8
Let c = -1810 - -1962. Calculate the highest common divisor of c and 760.
152
Let n(m) = 96*m. Let r be n(-1). Let u = r - -156. What is the greatest common divisor of 24 and u?
12
Let u be 104/39*15/4. Suppose u + 26 = 3*j. Suppose 3*v - 9 - j = 0. Calculate the highest common factor of 56 and v.
7
Let d be 70/21 + (-2)/(-3). Suppose 0 = -4*w - 12, -2*k + d*k + 3*w - 255 = 0. Suppose -4*y = 24 - k. What is the highest common factor of y and 9?
9
Let s(f) = 2*f + 4. Let p be s(-4). Let a be 4/2 + 8/p. Suppose -113 = -4*x - 0*x + v, a = 3*x - 5*v - 89. What is the greatest common factor of 7 and x?
7
Suppose -1131 = -17*f + 25. Let c = 11 - -23. Calculate the greatest common divisor of f and c.
34
Let w(z) = z - 20. Let k be w(0). Let r = k - -170. Let c = -87 + r. Calculate the highest common divisor of c and 9.
9
Let z(o) = -7*o - 86. Let k be z(-17). Calculate the highest common divisor of 22 and k.
11
Suppose 56*u - 26 = 55*u - 2*n, 4*n = 4*u - 152. Calculate the greatest common divisor of u and 51.
17
Suppose 0 = 3*f + 4*f - 140. Let q be (-1 - 0)/((-22)/f - -1). Suppose -184 = 5*t - 534. What is the highest common factor of t and q?
10
Let o = 17 - 15. Suppose 2*g = v, -4 + 0 = -3*v + o*g. Suppose -v*y - 5*b = -175, -2*y = -y - 2*b - 101. Calculate the greatest common factor of y and 38.
19
Suppose -2*a = 3*a - 15. Let v = 189 - 189. Suppose -2*s = -v*w + a*w - 23, 5*s = -5*w + 55. What is the greatest common divisor of 10 and s?
10
Let v(d) be the third derivative of d**6/120 + 2*d**5/15 + 11*d**3/6 + d**2. Let s be v(-7). Calculate the greatest common divisor of s and 90.
30
Suppose 155 = 5*g + 50. Let y be 8560/95 + g/(-19) + 1. What is the highest common divisor of y and 9?
9
Suppose -2*k - 55 = -7*k. Let u = 21 + k. Calculate the greatest common divisor of 4 and u.
4
Let t(m) = m**3 + 28*m**2 - 76*m - 96. Let y be t